{"id":10274,"date":"2024-02-20T17:57:59","date_gmt":"2024-02-20T15:57:59","guid":{"rendered":"http:\/\/www.museosdemequinenza.com\/wp-content\/uploads\/2024\/02\/CARTELL-CELEBRACIO-40e-ANIVERSARI-DECLARACIO-DE-MEQUINENSA.jpg"},"modified":"2024-02-20T17:57:59","modified_gmt":"2024-02-20T15:57:59","slug":"cartell-celebracio-40e-aniversari-declaracio-de-mequinensa","status":"inherit","type":"attachment","link":"https:\/\/www.museosdemequinenza.com\/ca\/mequinenza-convoca-a-los-hablantes-del-catalan-de-aragon-y-aragones-a-la-celebracion-del-40-aniversario-de-la-declaracion-de-mequinenza\/cartell-celebracio-40e-aniversari-declaracio-de-mequinensa\/#main","title":{"rendered":"CARTELL CELEBRACI\u00d3 40\u00e8 ANIVERSARI DECLARACI\u00d3 DE MEQUINENSA"},"author":1,"featured_media":0,"comment_status":"closed","ping_status":"closed","template":"","meta":{"_monsterinsights_skip_tracking":false,"_monsterinsights_sitenote_active":false,"_monsterinsights_sitenote_note":"","_monsterinsights_sitenote_category":0},"class_list":["post-10274","attachment","type-attachment","status-inherit","hentry"],"aioseo_notices":[],"description":{"rendered":"<p class=\"attachment\"><a href='https:\/\/www.museosdemequinenza.com\/wp-content\/uploads\/2024\/02\/CARTELL-CELEBRACIO-40e-ANIVERSARI-DECLARACIO-DE-MEQUINENSA-e1708444704728.jpg'><img decoding=\"async\" width=\"300\" height=\"150\" src=\"https:\/\/www.museosdemequinenza.com\/wp-content\/uploads\/2024\/02\/CARTELL-CELEBRACIO-40e-ANIVERSARI-DECLARACIO-DE-MEQUINENSA-e1708444704728-300x150.jpg\" class=\"attachment-medium size-medium\" alt=\"\" srcset=\"https:\/\/www.museosdemequinenza.com\/wp-content\/uploads\/2024\/02\/CARTELL-CELEBRACIO-40e-ANIVERSARI-DECLARACIO-DE-MEQUINENSA-e1708444704728-300x150.jpg 300w, https:\/\/www.museosdemequinenza.com\/wp-content\/uploads\/2024\/02\/CARTELL-CELEBRACIO-40e-ANIVERSARI-DECLARACIO-DE-MEQUINENSA-e1708444704728-1024x512.jpg 1024w, https:\/\/www.museosdemequinenza.com\/wp-content\/uploads\/2024\/02\/CARTELL-CELEBRACIO-40e-ANIVERSARI-DECLARACIO-DE-MEQUINENSA-e1708444704728-768x384.jpg 768w, https:\/\/www.museosdemequinenza.com\/wp-content\/uploads\/2024\/02\/CARTELL-CELEBRACIO-40e-ANIVERSARI-DECLARACIO-DE-MEQUINENSA-e1708444704728-1536x768.jpg 1536w, https:\/\/www.museosdemequinenza.com\/wp-content\/uploads\/2024\/02\/CARTELL-CELEBRACIO-40e-ANIVERSARI-DECLARACIO-DE-MEQUINENSA-e1708444704728-18x9.jpg 18w, https:\/\/www.museosdemequinenza.com\/wp-content\/uploads\/2024\/02\/CARTELL-CELEBRACIO-40e-ANIVERSARI-DECLARACIO-DE-MEQUINENSA-e1708444704728-570x285.jpg 570w, https:\/\/www.museosdemequinenza.com\/wp-content\/uploads\/2024\/02\/CARTELL-CELEBRACIO-40e-ANIVERSARI-DECLARACIO-DE-MEQUINENSA-e1708444704728-380x190.jpg 380w, https:\/\/www.museosdemequinenza.com\/wp-content\/uploads\/2024\/02\/CARTELL-CELEBRACIO-40e-ANIVERSARI-DECLARACIO-DE-MEQUINENSA-e1708444704728-285x143.jpg 285w, https:\/\/www.museosdemequinenza.com\/wp-content\/uploads\/2024\/02\/CARTELL-CELEBRACIO-40e-ANIVERSARI-DECLARACIO-DE-MEQUINENSA-e1708444704728.jpg 2000w\" sizes=\"(max-width: 300px) 100vw, 300px\" \/><\/a><\/p>\n"},"caption":{"rendered":""},"alt_text":"","media_type":"image","mime_type":"image\/jpeg","media_details":{"width":2000,"height":1000,"file":"2024\/02\/CARTELL-CELEBRACIO-40e-ANIVERSARI-DECLARACIO-DE-MEQUINENSA-e1708444704728.jpg","filesize":476150,"sizes":{"medium":{"file":"CARTELL-CELEBRACIO-40e-ANIVERSARI-DECLARACIO-DE-MEQUINENSA-e1708444704728-300x150.jpg","width":300,"height":150,"filesize":17323,"mime_type":"image\/jpeg","source_url":"https:\/\/www.museosdemequinenza.com\/wp-content\/uploads\/2024\/02\/CARTELL-CELEBRACIO-40e-ANIVERSARI-DECLARACIO-DE-MEQUINENSA-e1708444704728-300x150.jpg"},"large":{"file":"CARTELL-CELEBRACIO-40e-ANIVERSARI-DECLARACIO-DE-MEQUINENSA-e1708444704728-1024x512.jpg","width":1024,"height":512,"filesize":110586,"mime_type":"image\/jpeg","source_url":"https:\/\/www.museosdemequinenza.com\/wp-content\/uploads\/2024\/02\/CARTELL-CELEBRACIO-40e-ANIVERSARI-DECLARACIO-DE-MEQUINENSA-e1708444704728-1024x512.jpg"},"thumbnail":{"file":"CARTELL-CELEBRACIO-40e-ANIVERSARI-DECLARACIO-DE-MEQUINENSA-e1708444704728-150x150.jpg","width":150,"height":150,"filesize":9384,"mime_type":"image\/jpeg","source_url":"https:\/\/www.museosdemequinenza.com\/wp-content\/uploads\/2024\/02\/CARTELL-CELEBRACIO-40e-ANIVERSARI-DECLARACIO-DE-MEQUINENSA-e1708444704728-150x150.jpg"},"medium_large":{"file":"CARTELL-CELEBRACIO-40e-ANIVERSARI-DECLARACIO-DE-MEQUINENSA-e1708444704728-768x384.jpg","width":768,"height":384,"filesize":71020,"mime_type":"image\/jpeg","source_url":"https:\/\/www.museosdemequinenza.com\/wp-content\/uploads\/2024\/02\/CARTELL-CELEBRACIO-40e-ANIVERSARI-DECLARACIO-DE-MEQUINENSA-e1708444704728-768x384.jpg"},"1536x1536":{"file":"CARTELL-CELEBRACIO-40e-ANIVERSARI-DECLARACIO-DE-MEQUINENSA-e1708444704728-1536x768.jpg","width":1536,"height":768,"filesize":205394,"mime_type":"image\/jpeg","source_url":"https:\/\/www.museosdemequinenza.com\/wp-content\/uploads\/2024\/02\/CARTELL-CELEBRACIO-40e-ANIVERSARI-DECLARACIO-DE-MEQUINENSA-e1708444704728-1536x768.jpg"},"trp-custom-language-flag":{"file":"CARTELL-CELEBRACIO-40e-ANIVERSARI-DECLARACIO-DE-MEQUINENSA-e1708444704728-18x9.jpg","width":18,"height":9,"filesize":787,"mime_type":"image\/jpeg","source_url":"https:\/\/www.museosdemequinenza.com\/wp-content\/uploads\/2024\/02\/CARTELL-CELEBRACIO-40e-ANIVERSARI-DECLARACIO-DE-MEQUINENSA-e1708444704728-18x9.jpg"},"column1-1\/3":{"file":"CARTELL-CELEBRACIO-40e-ANIVERSARI-DECLARACIO-DE-MEQUINENSA-e1708444704728-1140x380.jpg","width":1140,"height":380,"filesize":76399,"mime_type":"image\/jpeg","source_url":"https:\/\/www.museosdemequinenza.com\/wp-content\/uploads\/2024\/02\/CARTELL-CELEBRACIO-40e-ANIVERSARI-DECLARACIO-DE-MEQUINENSA-e1708444704728-1140x380.jpg"},"column1-2\/3":{"file":"CARTELL-CELEBRACIO-40e-ANIVERSARI-DECLARACIO-DE-MEQUINENSA-e1708444704728-1140x760.jpg","width":1140,"height":760,"filesize":155627,"mime_type":"image\/jpeg","source_url":"https:\/\/www.museosdemequinenza.com\/wp-content\/uploads\/2024\/02\/CARTELL-CELEBRACIO-40e-ANIVERSARI-DECLARACIO-DE-MEQUINENSA-e1708444704728-1140x760.jpg"},"column1-1\/4":{"file":"CARTELL-CELEBRACIO-40e-ANIVERSARI-DECLARACIO-DE-MEQUINENSA-e1708444704728-1140x285.jpg","width":1140,"height":285,"filesize":52698,"mime_type":"image\/jpeg","source_url":"https:\/\/www.museosdemequinenza.com\/wp-content\/uploads\/2024\/02\/CARTELL-CELEBRACIO-40e-ANIVERSARI-DECLARACIO-DE-MEQUINENSA-e1708444704728-1140x285.jpg"},"column1-2\/5":{"file":"CARTELL-CELEBRACIO-40e-ANIVERSARI-DECLARACIO-DE-MEQUINENSA-e1708444704728-1140x456.jpg","width":1140,"height":456,"filesize":96207,"mime_type":"image\/jpeg","source_url":"https:\/\/www.museosdemequinenza.com\/wp-content\/uploads\/2024\/02\/CARTELL-CELEBRACIO-40e-ANIVERSARI-DECLARACIO-DE-MEQUINENSA-e1708444704728-1140x456.jpg"},"column2-1\/1":{"file":"CARTELL-CELEBRACIO-40e-ANIVERSARI-DECLARACIO-DE-MEQUINENSA-e1708444704728-570x570.jpg","width":570,"height":570,"filesize":67261,"mime_type":"image\/jpeg","source_url":"https:\/\/www.museosdemequinenza.com\/wp-content\/uploads\/2024\/02\/CARTELL-CELEBRACIO-40e-ANIVERSARI-DECLARACIO-DE-MEQUINENSA-e1708444704728-570x570.jpg"},"column2-1\/2":{"file":"CARTELL-CELEBRACIO-40e-ANIVERSARI-DECLARACIO-DE-MEQUINENSA-e1708444704728-570x285.jpg","width":570,"height":285,"filesize":46031,"mime_type":"image\/jpeg","source_url":"https:\/\/www.museosdemequinenza.com\/wp-content\/uploads\/2024\/02\/CARTELL-CELEBRACIO-40e-ANIVERSARI-DECLARACIO-DE-MEQUINENSA-e1708444704728-570x285.jpg"},"column2-2\/3":{"file":"CARTELL-CELEBRACIO-40e-ANIVERSARI-DECLARACIO-DE-MEQUINENSA-e1708444704728-570x380.jpg","width":570,"height":380,"filesize":54895,"mime_type":"image\/jpeg","source_url":"https:\/\/www.museosdemequinenza.com\/wp-content\/uploads\/2024\/02\/CARTELL-CELEBRACIO-40e-ANIVERSARI-DECLARACIO-DE-MEQUINENSA-e1708444704728-570x380.jpg"},"column2-3\/5":{"file":"CARTELL-CELEBRACIO-40e-ANIVERSARI-DECLARACIO-DE-MEQUINENSA-e1708444704728-570x342.jpg","width":570,"height":342,"filesize":50929,"mime_type":"image\/jpeg","source_url":"https:\/\/www.museosdemequinenza.com\/wp-content\/uploads\/2024\/02\/CARTELL-CELEBRACIO-40e-ANIVERSARI-DECLARACIO-DE-MEQUINENSA-e1708444704728-570x342.jpg"},"column3-1\/1":{"file":"CARTELL-CELEBRACIO-40e-ANIVERSARI-DECLARACIO-DE-MEQUINENSA-e1708444704728-380x380.jpg","width":380,"height":380,"filesize":37232,"mime_type":"image\/jpeg","source_url":"https:\/\/www.museosdemequinenza.com\/wp-content\/uploads\/2024\/02\/CARTELL-CELEBRACIO-40e-ANIVERSARI-DECLARACIO-DE-MEQUINENSA-e1708444704728-380x380.jpg"},"column3-1\/2":{"file":"CARTELL-CELEBRACIO-40e-ANIVERSARI-DECLARACIO-DE-MEQUINENSA-e1708444704728-380x190.jpg","width":380,"height":190,"filesize":24679,"mime_type":"image\/jpeg","source_url":"https:\/\/www.museosdemequinenza.com\/wp-content\/uploads\/2024\/02\/CARTELL-CELEBRACIO-40e-ANIVERSARI-DECLARACIO-DE-MEQUINENSA-e1708444704728-380x190.jpg"},"column3-1\/3":{"file":"CARTELL-CELEBRACIO-40e-ANIVERSARI-DECLARACIO-DE-MEQUINENSA-e1708444704728-380x127.jpg","width":380,"height":127,"filesize":14366,"mime_type":"image\/jpeg","source_url":"https:\/\/www.museosdemequinenza.com\/wp-content\/uploads\/2024\/02\/CARTELL-CELEBRACIO-40e-ANIVERSARI-DECLARACIO-DE-MEQUINENSA-e1708444704728-380x127.jpg"},"column3-2\/3":{"file":"CARTELL-CELEBRACIO-40e-ANIVERSARI-DECLARACIO-DE-MEQUINENSA-e1708444704728-380x254.jpg","width":380,"height":254,"filesize":29828,"mime_type":"image\/jpeg","source_url":"https:\/\/www.museosdemequinenza.com\/wp-content\/uploads\/2024\/02\/CARTELL-CELEBRACIO-40e-ANIVERSARI-DECLARACIO-DE-MEQUINENSA-e1708444704728-380x254.jpg"},"column4-1\/1":{"file":"CARTELL-CELEBRACIO-40e-ANIVERSARI-DECLARACIO-DE-MEQUINENSA-e1708444704728-285x285.jpg","width":285,"height":285,"filesize":24422,"mime_type":"image\/jpeg","source_url":"https:\/\/www.museosdemequinenza.com\/wp-content\/uploads\/2024\/02\/CARTELL-CELEBRACIO-40e-ANIVERSARI-DECLARACIO-DE-MEQUINENSA-e1708444704728-285x285.jpg"},"column4-1\/2":{"file":"CARTELL-CELEBRACIO-40e-ANIVERSARI-DECLARACIO-DE-MEQUINENSA-e1708444704728-285x143.jpg","width":285,"height":143,"filesize":15945,"mime_type":"image\/jpeg","source_url":"https:\/\/www.museosdemequinenza.com\/wp-content\/uploads\/2024\/02\/CARTELL-CELEBRACIO-40e-ANIVERSARI-DECLARACIO-DE-MEQUINENSA-e1708444704728-285x143.jpg"},"column4-2\/3":{"file":"CARTELL-CELEBRACIO-40e-ANIVERSARI-DECLARACIO-DE-MEQUINENSA-e1708444704728-285x190.jpg","width":285,"height":190,"filesize":19135,"mime_type":"image\/jpeg","source_url":"https:\/\/www.museosdemequinenza.com\/wp-content\/uploads\/2024\/02\/CARTELL-CELEBRACIO-40e-ANIVERSARI-DECLARACIO-DE-MEQUINENSA-e1708444704728-285x190.jpg"},"full":{"file":"CARTELL-CELEBRACIO-40e-ANIVERSARI-DECLARACIO-DE-MEQUINENSA-e1708444704728.jpg","width":2000,"height":1000,"mime_type":"image\/jpeg","source_url":"https:\/\/www.museosdemequinenza.com\/wp-content\/uploads\/2024\/02\/CARTELL-CELEBRACIO-40e-ANIVERSARI-DECLARACIO-DE-MEQUINENSA-e1708444704728.jpg"}},"image_meta":{"aperture":"0","credit":"","camera":"","caption":"","created_timestamp":"0","copyright":"","focal_length":"0","iso":"0","shutter_speed":"0","title":"","orientation":"1","keywords":[]}},"post":10273,"source_url":"https:\/\/www.museosdemequinenza.com\/wp-content\/uploads\/2024\/02\/CARTELL-CELEBRACIO-40e-ANIVERSARI-DECLARACIO-DE-MEQUINENSA-e1708444704728.jpg","_links":{"self":[{"href":"https:\/\/www.museosdemequinenza.com\/ca\/wp-json\/wp\/v2\/media\/10274","targetHints":{"allow":["GET"]}}],"collection":[{"href":"https:\/\/www.museosdemequinenza.com\/ca\/wp-json\/wp\/v2\/media"}],"about":[{"href":"https:\/\/www.museosdemequinenza.com\/ca\/wp-json\/wp\/v2\/types\/attachment"}],"author":[{"embeddable":true,"href":"https:\/\/www.museosdemequinenza.com\/ca\/wp-json\/wp\/v2\/users\/1"}],"replies":[{"embeddable":true,"href":"https:\/\/www.museosdemequinenza.com\/ca\/wp-json\/wp\/v2\/comments?post=10274"}],"wp:attached-to":[{"embeddable":true,"post_type":"post","id":10273,"href":"https:\/\/www.museosdemequinenza.com\/ca\/wp-json\/wp\/v2\/posts\/10273"}],"curies":[{"name":"wp","href":"https:\/\/api.w.org\/{rel}","templated":true}]}}

CARTELL CELEBRACIÓ 40è ANIVERSARI DECLARACIÓ DE MEQUINENSA
